5 + -111. What is the tens digit of (5056/24)/(p/6)?
1
Suppose 4*q = 2*z + 917 + 1797, 0 = 2*q + 4*z - 1372. What is the hundreds digit of (0 - -27)*(-1 + q/24)?
7
Let o(s) = -119*s**3 - 51*s**2 - 439*s + 20. What is the units digit of o(-9)?
1
Let d = 251 - 252. Suppose 2*q = 3*q - 4. What is the units digit of -9*(q - (-5)/d)?
9
Let x = -17 - 24. Let b = -39 - x. Suppose -110 = -b*j + 126. What is the tens digit of j?
1
Let g(z) = -16*z**2 - 94*z + 72. Let m(w) = -5*w**2 - 31*w + 24. Let n(t) = 3*g(t) - 10*m(t). What is the hundreds digit of n(-22)?
3
Let m(w) = -5*w**3 - 3*w**2 + 2*w + 1. Let y be m(-2). What is the units digit of (33 - 7) + y/(-5)?
1
Let c(n) = -n - 2. Let y(a) = -190*a - 21. Let r(m) = -3*c(m) - y(m). What is the units digit of r(3)?
6
Let d be (-1612)/5 + 112/280. Let f = d + 865. What is the hundreds digit of f?
5
Let k(a) = -a**3 + 3*a**2 + 5*a - 2. Let z be k(4). Suppose -16*x + z = -14*x. What is the tens digit of (913/22)/(x/2)?
8
Let q = -20 + -4. Let b = q - -29. Suppose 128 = 4*m + 4*p - b*p, 5*m - 4*p = 160. What is the tens digit of m?
3
Let y = -6577 - -12774. What is the hundreds digit of y?
1
Suppose -6*j = 9*j - 45. What is the units digit of -162*j*(-6)/36?
1
Let h(t) = 154*t**2 - 44*t + 568. What is the tens digit of h(9)?
4
Let q be 53 - 7/((-7)/(-6)). Let v = 444 - q. What is the units digit of v?
7
Suppose -33*w + 9785 = 2297 - 122136. What is the units digit of w?
8
Suppose 0*m - 3*m + 132 = 0. Let h = m + -42. Suppose h*t - 5*d - 59 = 0, 0 = -8*t + 3*t + 5*d + 170. What is the tens digit of t?
3
Suppose -15 = 7*p - 575. Let r = -47 + p. What is the tens digit of r?
3
What is the ten thousands digit of (-15)/35 - 256611/(-14)*4?
7
Let u = -46 + 65. Let l(c) = c**3 + 9*c**2 - c - 10. Let o be l(-9). Let r = o + u. What is the tens digit of r?
1
Let j be (-5)/((-15)/123)*(-18 - 1). Let x = 1099 + j. Let y = x + -183. What is the units digit of y?
7
Let b(s) = s**3 + 44*s**2 + 22*s + 136. What is the hundreds digit of b(-27)?
9
Let a be (-3 - 0)*1 + 7. Suppose a*n + 3 = -3*d + 12, -n - 12 = -4*d. What is the tens digit of -1*(-43 + (-6)/d)?
4
What is the units digit of (12072/(-5))/((-75)/250)?
8
Suppose -f + 2*f + 134 = b, -668 = -5*b + 4*f. Suppose b = 5*o + s - 32, 5*s + 104 = 3*o. What is the units digit of o?
3
Let q = 26 - 46. Let v be 4 - (-70)/(25/(-5)). What is the units digit of (-1872)/q - v/25?
4
Let m = 8731 + -733. What is the hundreds digit of m?
9
Let l = -33460 + 40487. What is the hundreds digit of l?
0
Let p(d) = 5*d**2 + 32*d + 40*d + 64 - d**2 - 162 + 71. What is the units digit of p(-23)?
3
Suppose -7 = 8*k - 23. Suppose 0 = -k*c - 346 + 22. Let f = -70 - c. What is the units digit of f?
2
Suppose -4407 = -8*w + 2200 + 6289. What is the units digit of w?
2
Suppose 3*f + 5507 = -6139. What is the units digit of f/(-5) - (-16)/(-40)?
6
Let u be 70576/(-32) - 1/(-2). Let l = u + 3326. What is the tens digit of l?
2
Let v = 209 + -209. Suppose -4*b + q + 1813 = v, 16*q = -3*b + 21*q + 1381. What is the tens digit of b?
5
Let p = 5819 - 104. What is the units digit of p?
5
Let g be (7/(-105) - 3/9)*-15. What is the tens digit of (96/32)/(g/28)?
1
Let r(w) be the third derivative of -w**4/12 + 11*w**3/6 + 9*w**2. Let i be r(8). What is the units digit of i + 7 - 58/(-1)?
0
Let j(b) = 279*b + 1576. What is the tens digit of j(-4)?
6
Suppose -z - 2*b + 3 = -4*b, 4*z - 22 = 3*b. Suppose -3*m + 5 = -z. Suppose m*q = 2*r - 140, -4*r = -7*r - 2*q + 178. What is the tens digit of r?
6
Suppose -3*o + 1011 + 396 = 0. Suppose 4*r - o = 1243. What is the hundreds digit of r?
4
What is the hundreds digit of (2 + 2)/24 - (-2225)/6?
3
Suppose 2 = -5*c - 3*t + 179, -2*t = c - 34. Let s = 35 - c. What is the units digit of 177 + (-1 - s) + -5?
2
Let n(p) = -4*p**3 - 16*p**2 - 49*p - 28. Let r(f) = f**2 - 12*f + 27. Let g be r(5). What is the tens digit of n(g)?
8
Let v be (-66)/(-693) + 48128/42. Let x = v - 773. What is the units digit of x?
3
Let u be (-5060)/(-14) - (30/21 + -1). Let j = 700 - u. What is the units digit of j?
9
Let l = 135 - 143. Let q(i) = 24*i**2 + 47*i + 27. What is the units digit of q(l)?
7
Let a = -43 - -42. Let o(k) = 7*k**3 + 7*k - 122. Let y(m) = -m**3 - m + 1. Let p(q) = a*o(q) - 6*y(q). What is the hundreds digit of p(0)?
1
Suppose 4*j = -0*j - 0*j. Suppose 2*a = -j*a + 212. What is the units digit of a?
6
Suppose 4*k = -2*n + 28954 + 92380, -303329 = -5*n - 4*k. What is the thousands digit of n?
0
Suppose g - 1082 = -1160. What is the tens digit of (1 + 5)*(-728)/g?
5
Suppose -195624 = -3*c + 9*s, c - 46302 - 18890 = s. What is the thousands digit of c?
5
Let m(p) = -p**2 + 8*p - 13. Let r be m(5). Let y be (4/12)/(74/36 - r). What is the hundreds digit of (-9)/6*(-2 - 460/y)?
1
Let c be (-22 - -25) + -1*2. Let z(g) be the first derivative of 34*g**3/3 + g**2/2 + g - 20. What is the tens digit of z(c)?
3
Let h(y) = -y**3 + 3*y**2 + 3*y - 4. Let c be h(3). Suppose -c*t - 54 = -11*t. Let m = t - -64. What is the units digit of m?
3
Let g(l) = -20*l - 208. Let d be g(-11). Let p(u) = -u**3 - 2*u**2 - 2*u - 1. Let f be p(-1). What is the hundreds digit of f + 8/d + 984/9?
1
Let b(q) = 96*q**2 + 145*q - 12. What is the tens digit of b(-14)?
7
Suppose 2*k - 114294 = -5*f, -22860 = -610*f + 609*f - k. What is the hundreds digit of f?
8
Suppose 0 = f - 4*b - 3, -4*f + 0 = 5*b - 12. Suppose -6*c + 3*c = f*m - 885, m - 315 = -5*c. What is the tens digit of m?
9
Suppose 106562 + 59671 = 3*f. What is the tens digit of f?
1
Let y be (818/(-8))/(2/(-8)). Let r be (-15)/20*2*(-1326)/9. Suppose -6*v = -r - y. What is the hundreds digit of v?
1
Let y(x) = 3*x**2 - 36*x - 9. Let o be 38*((-11)/2)/(-11). What is the tens digit of y(o)?
9
Let u(f) = -4*f + 19. Let n be u(5). Let l be 24 - 19 - (-981 - n). Suppose 4*c + t = 955, -3*c - 5*t = -7*c + l. What is the units digit of c?
0
Let v(u) = -7*u**3 - 4*u**2 - 31*u - 91. What is the tens digit of v(-8)?
8
Let w = -7 - -6. Let k be 1 - -2 - (-1)/w*-1. Let l(y) = 20*y + 22. What is the tens digit of l(k)?
0
Suppose 0 = 3*p - q - 2259 - 4435, -p - 2*q = -2236. What is the tens digit of p?
3
Let h(f) = -10394*f**3 - 5*f**2 - 2*f + 2. What is the hundreds digit of h(-1)?
3
Let x(z) = -z**2 - 3*z - 2. Let w be x(-3). Let l be -2 + 0 - (w + -3). Suppose 2*v - 3*k - 139 = 0, 0 = -4*v - 0*k - l*k + 251. What is the tens digit of v?
6
What is the thousands digit of 133965/30 - (5 + (-68)/8)?
4
Let n(b) = 60*b + 244. Let o be n(-26). Let r = o + 2124. What is the tens digit of r?
0
Suppose -1673 - 1387 = -f. What is the units digit of (f + -4)/8 + -7?
5
Suppose -11*s - 4 = 3*k - 6*s, 8 = 2*k - 2*s. Suppose -3*c = c - 4*u - 2292, -585 = -c - k*u. What is the tens digit of c?
7
What is the tens digit of 100/550 - 16333/(-11)?
8
What is the units digit of (-2)/(-8) - (-2427)/(-24)*-14?
6
Let r(s) = -8*s - 77. Let d(y) = y. Let f(a) = -2*d(a) + r(a). What is the hundreds digit of f(-38)?
3
Let y = -51 - -54. Let g(o) = 17*o**3 + 6*o + 3. Let m be g(y). Suppose u - 177 = -v, 219 = 4*u - 5*v - m. What is the hundreds digit of u?
1
Suppose -21*h = -124095 - 77715. What is the hundreds digit of h?
6
What is the units digit of -8 - (-23559 + -17 + 31)?
7
Suppose 0 = -z + 3*d + 10, 4*d + 0*d = z - 10. Let b(y) = 12*y**2 + 25 - 9*y**2 - 16*y - 5 - 1. What is the tens digit of b(z)?
5
Let t = -151 - -41. Let v = 334 - t. What is the hundreds digit of v?
4
Suppose -7*h = -8*h + 1, -5*r + h = -52419. What is the tens digit of r?
8
Let t(z) = 49*z + 7. Suppose 0 = 3*a + 2*h - 356, 7*a - 3*a + 4*h - 472 = 0. Let r = -118 + a. What is the tens digit of t(r)?
0
Suppose 0 = -n - 3, -4*x - 31*n + 35*n + 129928 = 0. What is the hundreds digit of x?
4
Let j be (4 - -1*(1 - 3)) + 286. Let p = j - 155. What is the hundreds digit of p?
1
Let z(a) = 20174*a - 827. What is the units digit of z(3)?
5
Let a = -339 + -148. Let l = a + 1092. Suppose -5*u = 6*u - l. What is the tens digit of u?
5
Let t = 19379 - 13273. What is the hundreds digit of t?
1
Let c(w) = -6*w + 52. Let s be c(-23). Suppose -8*f + 5*f = 0. Suppose f = -32*q + 30*q + s. What is the units digit of q?
5
Let x = -9261 + 17138. What is the hundreds digit of x?
8
Suppose -25 = -5*b - t + 6*t, -4*t - 8 = 2*b. 